{"id":11,"date":"2017-10-04T12:03:41","date_gmt":"2017-10-04T10:03:41","guid":{"rendered":"http:\/\/sictom-msq.fr\/?page_id=11"},"modified":"2023-11-27T16:13:06","modified_gmt":"2023-11-27T15:13:06","slug":"le-sictom","status":"publish","type":"page","link":"https:\/\/sictom-msq.fr\/index.php\/qui-sommes-nous\/le-sictom\/","title":{"rendered":"Quelques chiffres&#8230;"},"content":{"rendered":"<h3 style=\"text-align: center;\"><em><strong><span style=\"color: #008000;\">En 2022, le SICTOM c&rsquo;est&#8230;<\/span><\/strong><\/em><\/h3>\n<p><strong>33 communes collect\u00e9es&nbsp;<\/strong> &#8211; sur le territoire de la communaut\u00e9 de communes du Quercy Blanc et de la communaut\u00e9 de communes du Pays de Lalbenque Limogne.<\/p>\n<p><strong>13 agents permanents &#8211;&nbsp; 3 contractuel \u00e0 temps non complet <\/strong>(13 saisonniers)<\/p>\n<p>Environ <strong>2600<\/strong> conteneurs collect\u00e9s<\/p>\n<p><strong>157 682 km<\/strong> parcourus<\/p>\n<p><strong>5 camions<\/strong> de collecte de 19 tonnes<\/p>\n<p><strong>2 858 tonnes<\/strong> de d\u00e9chets <strong>non recyclables<\/strong> qui partent&nbsp;pour MONTECH au centre d&rsquo;enfouissement <strong>(189 \u20ac HT \/ TONNE)<\/strong><\/p>\n<p><strong>1 483 tonnes<\/strong> de d\u00e9chets recyclables qui partent pour le centre de tri du SYDED \u00e0 Catus<strong> (72 \u20ac HT \/ TONNE)<\/strong><\/p>\n<p><strong>2 417 082 \u20ac<\/strong> de budget de fonctionnement reparti entre le traitement et la collecte<\/p>\n<p><!--more--><img loading=\"lazy\" decoding=\"async\" class=\"aligncenter wp-image-1426 size-medium\" src=\"https:\/\/sictom-msq.fr\/wp-content\/uploads\/2023\/10\/Depense-de-fonctionnement-2022-1-300x179.jpeg\" alt=\"\" width=\"300\" height=\"179\" srcset=\"https:\/\/sictom-msq.fr\/wp-content\/uploads\/2023\/10\/Depense-de-fonctionnement-2022-1-300x179.jpeg 300w, https:\/\/sictom-msq.fr\/wp-content\/uploads\/2023\/10\/Depense-de-fonctionnement-2022-1.jpeg 480w\" sizes=\"(max-width: 300px) 100vw, 300px\" \/><br \/>\n<!--more--><\/p>\n<p><strong>130 771 \u20ac<\/strong> de budget d&rsquo;investissement<\/p>\n","protected":false},"excerpt":{"rendered":"<p>En 2022, le SICTOM c&rsquo;est&#8230; 33 communes collect\u00e9es&nbsp; &#8211; sur le territoire de la communaut\u00e9 de communes du Quercy Blanc et de la communaut\u00e9 de communes du Pays de Lalbenque Limogne. 13 agents permanents &#8211;&nbsp; 3 contractuel \u00e0 temps non<\/p>\n","protected":false},"author":1,"featured_media":1408,"parent":193,"menu_order":0,"comment_status":"closed","ping_status":"closed","template":"","meta":{"footnotes":""},"_links":{"self":[{"href":"https:\/\/sictom-msq.fr\/index.php\/wp-json\/wp\/v2\/pages\/11"}],"collection":[{"href":"https:\/\/sictom-msq.fr\/index.php\/wp-json\/wp\/v2\/pages"}],"about":[{"href":"https:\/\/sictom-msq.fr\/index.php\/wp-json\/wp\/v2\/types\/page"}],"author":[{"embeddable":true,"href":"https:\/\/sictom-msq.fr\/index.php\/wp-json\/wp\/v2\/users\/1"}],"replies":[{"embeddable":true,"href":"https:\/\/sictom-msq.fr\/index.php\/wp-json\/wp\/v2\/comments?post=11"}],"version-history":[{"count":27,"href":"https:\/\/sictom-msq.fr\/index.php\/wp-json\/wp\/v2\/pages\/11\/revisions"}],"predecessor-version":[{"id":1452,"href":"https:\/\/sictom-msq.fr\/index.php\/wp-json\/wp\/v2\/pages\/11\/revisions\/1452"}],"up":[{"embeddable":true,"href":"https:\/\/sictom-msq.fr\/index.php\/wp-json\/wp\/v2\/pages\/193"}],"wp:featuredmedia":[{"embeddable":true,"href":"https:\/\/sictom-msq.fr\/index.php\/wp-json\/wp\/v2\/media\/1408"}],"wp:attachment":[{"href":"https:\/\/sictom-msq.fr\/index.php\/wp-json\/wp\/v2\/media?parent=11"}],"curies":[{"name":"wp","href":"https:\/\/api.w.org\/{rel}","templated":true}]}}