{"id":1186,"date":"2021-09-16T11:55:01","date_gmt":"2021-09-16T09:55:01","guid":{"rendered":"https:\/\/sictom-msq.fr\/?page_id=1186"},"modified":"2023-07-06T17:25:20","modified_gmt":"2023-07-06T15:25:20","slug":"actualites","status":"publish","type":"page","link":"https:\/\/sictom-msq.fr\/index.php\/actualites\/","title":{"rendered":"Actualit\u00e9s"},"content":{"rendered":"\n<p><strong>2023 &#8211; Une nouvelle saison estivale :<\/strong><\/p>\n\n\n\n<figure class=\"wp-block-image size-large is-resized\"><img loading=\"lazy\" decoding=\"async\" src=\"https:\/\/sictom-msq.fr\/wp-content\/uploads\/2023\/07\/SAISONNIERS-2023-1-1024x530.jpeg\" alt=\"\" class=\"wp-image-1395\" width=\"1216\" height=\"629\" srcset=\"https:\/\/sictom-msq.fr\/wp-content\/uploads\/2023\/07\/SAISONNIERS-2023-1-1024x530.jpeg 1024w, https:\/\/sictom-msq.fr\/wp-content\/uploads\/2023\/07\/SAISONNIERS-2023-1-300x155.jpeg 300w, https:\/\/sictom-msq.fr\/wp-content\/uploads\/2023\/07\/SAISONNIERS-2023-1-768x397.jpeg 768w, https:\/\/sictom-msq.fr\/wp-content\/uploads\/2023\/07\/SAISONNIERS-2023-1-1536x795.jpeg 1536w, https:\/\/sictom-msq.fr\/wp-content\/uploads\/2023\/07\/SAISONNIERS-2023-1-2048x1059.jpeg 2048w\" sizes=\"(max-width: 1216px) 100vw, 1216px\" \/><\/figure>\n\n\n\n<p>Une nouvelle saison estivale au SICTOM des Marches du Sud Quercy ! Les saisonniers 2023 commencent leurs missions pour renforcer l\u2019\u00e9quipe, ils permettront d\u2019assurer la continuit\u00e9 du service de collecte des d\u00e9chets sur le territoire du Syndicat (qui regroupe les Communaut\u00e9s de communes Quercy Blanc et Pays de Lalbenque Limogne), et aux agents titulaires de prendre leurs cong\u00e9s annuels bien m\u00e9rit\u00e9s. Cette ann\u00e9e ce sont 14 saisonniers qui ont \u00e9t\u00e9 embauch\u00e9s sur 2 mois (2 semaines en moyenne par contrat de travail) dont 1 fille et 13 gar\u00e7ons, contrairement aux ann\u00e9es pr\u00e9c\u00e9dentes o\u00f9 la parit\u00e9 bien qu&rsquo;involontaire \u00e9tait respect\u00e9e. Le SICTOM les remercie pour leur candidature et l&rsquo;int\u00e9r\u00eat qu&rsquo;ils portent \u00e0 la collecte des d\u00e9chets m\u00e9nagers, ainsi que l\u2019\u00e9quipe habituelle qui travaille avec exemplarit\u00e9 au quotidien \u00ab pour nous permettre de garder un environnement propre et d\u00e9barrass\u00e9 de nos d\u00e9chets ! \u00bb<\/p>\n\n\n\n<p><\/p>\n\n\n\n<p><\/p>\n\n\n\n<p><\/p>\n\n\n\n<p>Article de presse :<\/p>\n\n\n\n<figure class=\"wp-block-pullquote\"><blockquote><p><strong>STOP<\/strong><br><strong>au d\u00e9p\u00f4ts sauvages\u00a0<\/strong><\/p><cite>medialot  (1 juin 2022) <\/cite><\/blockquote><\/figure>\n\n\n<div class=\"wp-block-image\">\n<figure class=\"aligncenter size-full is-resized\"><img loading=\"lazy\" decoding=\"async\" src=\"https:\/\/sictom-msq.fr\/wp-content\/uploads\/2022\/06\/2022-06_01_ARTICLE-MEDIALOT.png\" alt=\"\" class=\"wp-image-1302\" width=\"755\" height=\"845\" srcset=\"https:\/\/sictom-msq.fr\/wp-content\/uploads\/2022\/06\/2022-06_01_ARTICLE-MEDIALOT.png 527w, https:\/\/sictom-msq.fr\/wp-content\/uploads\/2022\/06\/2022-06_01_ARTICLE-MEDIALOT-268x300.png 268w\" sizes=\"(max-width: 755px) 100vw, 755px\" \/><\/figure><\/div>\n\n\n\n\n<figure class=\"wp-block-image size-large is-resized\"><img loading=\"lazy\" decoding=\"async\" src=\"https:\/\/sictom-msq.fr\/wp-content\/uploads\/2023\/07\/SAISONNIERS-2023-1024x530.jpeg\" alt=\"Une nouvelle saison estivale au SICTOM des Marches du Sud Quercy ! Les saisonniers 2023 commencent leurs missions pour renforcer l\u2019\u00e9quipe, ils permettront d\u2019assurer la continuit\u00e9 du service de collecte des d\u00e9chets sur le territoire du Syndicat (qui regroupe les Communaut\u00e9s de communes Quercy Blanc et Pays de Lalbenque Limogne), et aux agents titulaires de prendre leurs cong\u00e9s annuels bien m\u00e9rit\u00e9s. Cette ann\u00e9e ce sont 14 saisonniers qui ont \u00e9t\u00e9 embauch\u00e9s sur 2 mois (2 semaines en moyenne par contrat de travail) dont 1 fille et 13 gar\u00e7ons, contrairement aux ann\u00e9es pr\u00e9c\u00e9dentes o\u00f9 la parit\u00e9 bien qu'involontaire \u00e9tait respect\u00e9e. Le SICTOM les remercie pour candidature et l'int\u00e9r\u00eat qu'ils portent \u00e0 la collecte des d\u00e9chets m\u00e9nagers, ainsi que l\u2019\u00e9quipe habituelle qui travaille avec exemplarit\u00e9 au quotidien \u00ab pour nous permettre de garder un environnement propre et d\u00e9barrass\u00e9 de nos d\u00e9chets ! \u00bb\" class=\"wp-image-1393\" width=\"1218\" height=\"630\" srcset=\"https:\/\/sictom-msq.fr\/wp-content\/uploads\/2023\/07\/SAISONNIERS-2023-1024x530.jpeg 1024w, https:\/\/sictom-msq.fr\/wp-content\/uploads\/2023\/07\/SAISONNIERS-2023-300x155.jpeg 300w, https:\/\/sictom-msq.fr\/wp-content\/uploads\/2023\/07\/SAISONNIERS-2023-768x397.jpeg 768w, https:\/\/sictom-msq.fr\/wp-content\/uploads\/2023\/07\/SAISONNIERS-2023-1536x795.jpeg 1536w, https:\/\/sictom-msq.fr\/wp-content\/uploads\/2023\/07\/SAISONNIERS-2023-2048x1059.jpeg 2048w\" sizes=\"(max-width: 1218px) 100vw, 1218px\" \/><figcaption class=\"wp-element-caption\">Une nouvelle saison estivale au SICTOM des Marches du Sud Quercy ! Les saisonniers 2023 commencent leurs missions pour renforcer l\u2019\u00e9quipe, ils permettront d\u2019assurer la continuit\u00e9 du service de collecte des d\u00e9chets sur le territoire du Syndicat (qui regroupe les Communaut\u00e9s de communes Quercy Blanc et Pays de Lalbenque Limogne), et aux agents titulaires de prendre leurs cong\u00e9s annuels bien m\u00e9rit\u00e9s. Cette ann\u00e9e ce sont 14 saisonniers qui ont \u00e9t\u00e9 embauch\u00e9s sur 2 mois (2 semaines en moyenne par contrat de travail) dont 1 fille et 13 gar\u00e7ons, contrairement aux ann\u00e9es pr\u00e9c\u00e9dentes o\u00f9 la parit\u00e9 bien qu&rsquo;involontaire \u00e9tait respect\u00e9e. Le SICTOM les remercie pour candidature et l&rsquo;int\u00e9r\u00eat qu&rsquo;ils portent \u00e0 la collecte des d\u00e9chets m\u00e9nagers, ainsi que l\u2019\u00e9quipe habituelle qui travaille avec exemplarit\u00e9 au quotidien \u00ab pour nous permettre de garder un environnement propre et d\u00e9barrass\u00e9 de nos d\u00e9chets ! \u00bb<\/figcaption><\/figure>\n","protected":false},"excerpt":{"rendered":"<p>2023 &#8211; Une nouvelle saison estivale : Une nouvelle saison estivale au SICTOM des Marches du Sud Quercy ! Les saisonniers 2023 commencent leurs missions pour renforcer l\u2019\u00e9quipe, ils permettront d\u2019assurer la continuit\u00e9 du service de collecte des d\u00e9chets sur<\/p>\n","protected":false},"author":1,"featured_media":0,"parent":0,"menu_order":0,"comment_status":"closed","ping_status":"closed","template":"","meta":{"footnotes":""},"_links":{"self":[{"href":"https:\/\/sictom-msq.fr\/index.php\/wp-json\/wp\/v2\/pages\/1186"}],"collection":[{"href":"https:\/\/sictom-msq.fr\/index.php\/wp-json\/wp\/v2\/pages"}],"about":[{"href":"https:\/\/sictom-msq.fr\/index.php\/wp-json\/wp\/v2\/types\/page"}],"author":[{"embeddable":true,"href":"https:\/\/sictom-msq.fr\/index.php\/wp-json\/wp\/v2\/users\/1"}],"replies":[{"embeddable":true,"href":"https:\/\/sictom-msq.fr\/index.php\/wp-json\/wp\/v2\/comments?post=1186"}],"version-history":[{"count":7,"href":"https:\/\/sictom-msq.fr\/index.php\/wp-json\/wp\/v2\/pages\/1186\/revisions"}],"predecessor-version":[{"id":1397,"href":"https:\/\/sictom-msq.fr\/index.php\/wp-json\/wp\/v2\/pages\/1186\/revisions\/1397"}],"wp:attachment":[{"href":"https:\/\/sictom-msq.fr\/index.php\/wp-json\/wp\/v2\/media?parent=1186"}],"curies":[{"name":"wp","href":"https:\/\/api.w.org\/{rel}","templated":true}]}}

Actualités

<p><strong>2023 &#8211; Une nouvelle saison estivale :</strong></p>



<figure class="wp-block-image size-large is-resized"><img loading="lazy" decoding="async" src="https://sictom-msq.fr/wp-content/uploads/2023/07/SAISONNIERS-2023-1-1024x530.jpeg" alt="" class="wp-image-1395" width="1216" height="629" srcset="https://sictom-msq.fr/wp-content/uploads/2023/07/SAISONNIERS-2023-1-1024x530.jpeg 1024w, https://sictom-msq.fr/wp-content/uploads/2023/07/SAISONNIERS-2023-1-300x155.jpeg 300w, https://sictom-msq.fr/wp-content/uploads/2023/07/SAISONNIERS-2023-1-768x397.jpeg 768w, https://sictom-msq.fr/wp-content/uploads/2023/07/SAISONNIERS-2023-1-1536x795.jpeg 1536w, https://sictom-msq.fr/wp-content/uploads/2023/07/SAISONNIERS-2023-1-2048x1059.jpeg 2048w" sizes="(max-width: 1216px) 100vw, 1216px" /></figure>



<p>Une nouvelle saison estivale au SICTOM des Marches du Sud Quercy ! Les saisonniers 2023 commencent leurs missions pour renforcer l’équipe, ils permettront d’assurer la continuité du service de collecte des déchets sur le territoire du Syndicat (qui regroupe les Communautés de communes Quercy Blanc et Pays de Lalbenque Limogne), et aux agents titulaires de prendre leurs congés annuels bien mérités. Cette année ce sont 14 saisonniers qui ont été embauchés sur 2 mois (2 semaines en moyenne par contrat de travail) dont 1 fille et 13 garçons, contrairement aux années précédentes où la parité bien qu&rsquo;involontaire était respectée. Le SICTOM les remercie pour leur candidature et l&rsquo;intérêt qu&rsquo;ils portent à la collecte des déchets ménagers, ainsi que l’équipe habituelle qui travaille avec exemplarité au quotidien « pour nous permettre de garder un environnement propre et débarrassé de nos déchets ! »</p>



<p></p>



<p></p>



<p></p>



<p>Article de presse :</p>



<figure class="wp-block-pullquote"><blockquote><p><strong>STOP</strong><br><strong>au dépôts sauvages </strong></p><cite>medialot  (1 juin 2022) </cite></blockquote></figure>


<div class="wp-block-image">
<figure class="aligncenter size-full is-resized"><img loading="lazy" decoding="async" src="https://sictom-msq.fr/wp-content/uploads/2022/06/2022-06_01_ARTICLE-MEDIALOT.png" alt="" class="wp-image-1302" width="755" height="845" srcset="https://sictom-msq.fr/wp-content/uploads/2022/06/2022-06_01_ARTICLE-MEDIALOT.png 527w, https://sictom-msq.fr/wp-content/uploads/2022/06/2022-06_01_ARTICLE-MEDIALOT-268x300.png 268w" sizes="(max-width: 755px) 100vw, 755px" /></figure></div>




<figure class="wp-block-image size-large is-resized"><img loading="lazy" decoding="async" src="https://sictom-msq.fr/wp-content/uploads/2023/07/SAISONNIERS-2023-1024x530.jpeg" alt="Une nouvelle saison estivale au SICTOM des Marches du Sud Quercy ! Les saisonniers 2023 commencent leurs missions pour renforcer l’équipe, ils permettront d’assurer la continuité du service de collecte des déchets sur le territoire du Syndicat (qui regroupe les Communautés de communes Quercy Blanc et Pays de Lalbenque Limogne), et aux agents titulaires de prendre leurs congés annuels bien mérités. Cette année ce sont 14 saisonniers qui ont été embauchés sur 2 mois (2 semaines en moyenne par contrat de travail) dont 1 fille et 13 garçons, contrairement aux années précédentes où la parité bien qu'involontaire était respectée. Le SICTOM les remercie pour candidature et l'intérêt qu'ils portent à la collecte des déchets ménagers, ainsi que l’équipe habituelle qui travaille avec exemplarité au quotidien « pour nous permettre de garder un environnement propre et débarrassé de nos déchets ! »" class="wp-image-1393" width="1218" height="630" srcset="https://sictom-msq.fr/wp-content/uploads/2023/07/SAISONNIERS-2023-1024x530.jpeg 1024w, https://sictom-msq.fr/wp-content/uploads/2023/07/SAISONNIERS-2023-300x155.jpeg 300w, https://sictom-msq.fr/wp-content/uploads/2023/07/SAISONNIERS-2023-768x397.jpeg 768w, https://sictom-msq.fr/wp-content/uploads/2023/07/SAISONNIERS-2023-1536x795.jpeg 1536w, https://sictom-msq.fr/wp-content/uploads/2023/07/SAISONNIERS-2023-2048x1059.jpeg 2048w" sizes="(max-width: 1218px) 100vw, 1218px" /><figcaption class="wp-element-caption">Une nouvelle saison estivale au SICTOM des Marches du Sud Quercy ! Les saisonniers 2023 commencent leurs missions pour renforcer l’équipe, ils permettront d’assurer la continuité du service de collecte des déchets sur le territoire du Syndicat (qui regroupe les Communautés de communes Quercy Blanc et Pays de Lalbenque Limogne), et aux agents titulaires de prendre leurs congés annuels bien mérités. Cette année ce sont 14 saisonniers qui ont été embauchés sur 2 mois (2 semaines en moyenne par contrat de travail) dont 1 fille et 13 garçons, contrairement aux années précédentes où la parité bien qu&rsquo;involontaire était respectée. Le SICTOM les remercie pour candidature et l&rsquo;intérêt qu&rsquo;ils portent à la collecte des déchets ménagers, ainsi que l’équipe habituelle qui travaille avec exemplarité au quotidien « pour nous permettre de garder un environnement propre et débarrassé de nos déchets ! »</figcaption></figure>

<p>2023 &#8211; Une nouvelle saison estivale : Une nouvelle saison estivale au SICTOM des Marches du Sud Quercy ! Les saisonniers 2023 commencent leurs missions pour renforcer l’équipe, ils permettront d’assurer la continuité du service de collecte des déchets sur</p>
