{"id":193,"date":"2017-11-13T16:18:15","date_gmt":"2017-11-13T15:18:15","guid":{"rendered":"http:\/\/sictom-msq.fr\/?page_id=193"},"modified":"2025-03-24T17:10:16","modified_gmt":"2025-03-24T16:10:16","slug":"qui-sommes-nous","status":"publish","type":"page","link":"https:\/\/sictom-msq.fr\/index.php\/qui-sommes-nous\/","title":{"rendered":"Qui sommes nous ?"},"content":{"rendered":"<h3 style=\"text-align: center;\"><em><span style=\"color: #008000;\"><strong>La gestion des d\u00e9chets m\u00e9nagers dans le Sud du Lot par le SICTOM des marches du sud Quercy<\/strong><\/span><\/em><\/h3>\n<p style=\"text-align: left;\">Le SICTOM des Marches du Sud Quercy est un <em>syndicat mixte<\/em> qui a vu le jour en <em>octobre<\/em> <em>1983<\/em> (15 communes adh\u00e9rentes lors de sa cr\u00e9ation). Depuis le 16 ao\u00fbt 1995, suite au transfert de la comp\u00e9tence \u00ab traitement \u00bb au SYDED (Syndicat D\u00e9partemental d\u2019Elimination des D\u00e9chets du Lot), le <strong>SICTOM assure en r\u00e9gie<\/strong>, par application du m\u00e9canisme de substitution, la <strong>collecte des d\u00e9chets m\u00e9nagers<\/strong>.<\/p>\n<p>Aujourd&rsquo;hui, il regroupe<strong> 2 communaut\u00e9s de communes adh\u00e9rentes (33 communes)<\/strong> : la C.C. du Quercy Blanc et la C.C. du Pays de Lalbenque-Limogne, soit <strong>une population concern\u00e9e de 19 237 habitants <\/strong>(population DGF applicable au 01\/01\/2020).<\/p>\n<p>Les bacs sont collect\u00e9s <strong>deux fois<\/strong> par semaine pour les ordures m\u00e9nag\u00e8res et <strong>une fois<\/strong> toutes les semaines pour le s\u00e9lectif.<\/p>\n<p>Le mode de collecte est le <strong>porte \u00e0 porte pour les bourgs de Castelnau-Montratier, Montcuq, Aujols et\u00a0Flaujac-Poujols<\/strong>\u00a0et en regroupement collectif pour la campagne (caissettes fournies sur demande aux nouveaux arrivants).<\/p>\n<p style=\"text-align: center;\"><a href=\"https:\/\/sictom-msq.fr\/wp-content\/uploads\/2020\/08\/Communes-et-collectivites-2019-SICTOM-MSQ-1.png\"><img loading=\"lazy\" decoding=\"async\" class=\"alignnone size-medium wp-image-707\" src=\"https:\/\/sictom-msq.fr\/wp-content\/uploads\/2020\/08\/Communes-et-collectivites-2019-SICTOM-MSQ-1-300x158.png\" alt=\"\" width=\"300\" height=\"158\" srcset=\"https:\/\/sictom-msq.fr\/wp-content\/uploads\/2020\/08\/Communes-et-collectivites-2019-SICTOM-MSQ-1-300x158.png 300w, https:\/\/sictom-msq.fr\/wp-content\/uploads\/2020\/08\/Communes-et-collectivites-2019-SICTOM-MSQ-1-1024x539.png 1024w, https:\/\/sictom-msq.fr\/wp-content\/uploads\/2020\/08\/Communes-et-collectivites-2019-SICTOM-MSQ-1-768x405.png 768w, https:\/\/sictom-msq.fr\/wp-content\/uploads\/2020\/08\/Communes-et-collectivites-2019-SICTOM-MSQ-1-1536x809.png 1536w, https:\/\/sictom-msq.fr\/wp-content\/uploads\/2020\/08\/Communes-et-collectivites-2019-SICTOM-MSQ-1-2048x1079.png 2048w\" sizes=\"(max-width: 300px) 100vw, 300px\" \/><\/a><\/p>\n<p>Le SICTOM embauche <strong>16 agents permanents, 3 contractuels <\/strong>ainsi que du personnel saisonnier (environ 5 ETP p\u00e9riode juillet\/ao\u00fbt).<\/p>\n<p>Monsieur<strong> BERGOUGNOUX Jean-Louis<\/strong>, 1<sup>er<\/sup> Adjoint de la mairie de l&rsquo;Hospitalet, est le Pr\u00e9sident.<\/p>\n<p>Pour tout renseignement sur la collecte vous pouvez vous adresser au service administratif ouvert le lundi &#8211; mardi &#8211; jeudi &#8211; vendredi de 8h30 \u00e0 12h15 et de 13h15 \u00e0 17h15, et le mercredi de 8H30 \u00e0 12h30. Notre num\u00e9ro de t\u00e9l\u00e9phone est le suivant : <strong>05.65.21.47.63<\/strong><\/p>\n<p><span style=\"color: #339966;\"><strong><u>Contacts : <\/u><\/strong><\/span><\/p>\n<p><strong>Corinne ROISE<\/strong>, Directrice &#8211; Tel : 05 65 21 47 63 &#8211; Mail : <a href=\"mailto:sictom.msq@orange.fr\">sictom.msq@orange.fr<\/a><\/p>\n<p><strong>Erika CLETY<\/strong>, Assistante de direction &#8211; \u00a0Mail : <a href=\"mailto:sictomacceuil@orange.fr\">sictomaccueil@orange.fr\u00a0<\/a><\/p>\n<p><strong>Ludovic BYL<\/strong>, Responsable technique &#8211; Mail : <a href=\"sictom-marches-sud-quercy@orange.fr\">sictom-marches-sud-quercy@orange.fr<\/a><\/p>\n<h3><em><span style=\"color: #ff9900;\"><strong>Communes de la CCQB et de la CCPLL<\/strong><\/span><\/em><\/h3>\n<ul>\n<li><a href=\"https:\/\/sictom-msq.fr\/wp-content\/uploads\/2025\/03\/Les-communes-de-la-Communaute-des-Communes-de-Quercy-Blanc.pdf\">Liste des communes de la CCQB<\/a><\/li>\n<li><a href=\"https:\/\/sictom-msq.fr\/wp-content\/uploads\/2020\/08\/Les-communes-de-la-Communaut\u00e9-des-Communes-du-Pays-de-Lalbenque.pdf\">Liste des communes de la CCPLL<\/a><\/li>\n<\/ul>\n<h3><span style=\"color: #ff9900;\"><em><strong>Organigramme\u00a0<\/strong><\/em><\/span><\/h3>\n<ul>\n<li><a href=\"https:\/\/sictom-msq.fr\/wp-content\/uploads\/2025\/03\/Organigramme-2023.jpg\" target=\"_blank\" rel=\"noopener\">Organigramme 2023<\/a><\/li>\n<\/ul>\n<h3><span style=\"color: #ff9900;\"><em><strong>Fichiers\u00a0<\/strong><\/em><\/span><\/h3>\n<ul>\n<li><a href=\"https:\/\/sictom-msq.fr\/wp-content\/uploads\/2020\/08\/Fonctionnement-syndicats-mixtes-ferm\u00e9s-2.pdf\">Fonctionnement syndicats mixtes ferm\u00e9s<\/a><\/li>\n<\/ul>\n<p><a href=\"https:\/\/sictom-msq.fr\/wp-content\/uploads\/2021\/01\/photo-couverture--scaled.jpg\"><img loading=\"lazy\" decoding=\"async\" class=\"alignright size-full wp-image-1051\" src=\"https:\/\/sictom-msq.fr\/wp-content\/uploads\/2021\/01\/photo-couverture--scaled.jpg\" alt=\"\" width=\"2560\" height=\"1978\" srcset=\"https:\/\/sictom-msq.fr\/wp-content\/uploads\/2021\/01\/photo-couverture--scaled.jpg 2560w, https:\/\/sictom-msq.fr\/wp-content\/uploads\/2021\/01\/photo-couverture--300x232.jpg 300w, https:\/\/sictom-msq.fr\/wp-content\/uploads\/2021\/01\/photo-couverture--1024x791.jpg 1024w, https:\/\/sictom-msq.fr\/wp-content\/uploads\/2021\/01\/photo-couverture--768x593.jpg 768w, https:\/\/sictom-msq.fr\/wp-content\/uploads\/2021\/01\/photo-couverture--1536x1187.jpg 1536w, https:\/\/sictom-msq.fr\/wp-content\/uploads\/2021\/01\/photo-couverture--2048x1583.jpg 2048w\" sizes=\"(max-width: 2560px) 100vw, 2560px\" \/><\/a><\/p>\n\n\n\n\n<p><\/p>\n","protected":false},"excerpt":{"rendered":"<p>La gestion des d\u00e9chets m\u00e9nagers dans le Sud du Lot par le SICTOM des marches du sud Quercy Le SICTOM des Marches du Sud Quercy est un syndicat mixte qui a vu le jour en octobre 1983 (15 communes adh\u00e9rentes<\/p>\n","protected":false},"author":1,"featured_media":0,"parent":0,"menu_order":0,"comment_status":"closed","ping_status":"closed","template":"","meta":{"footnotes":""},"_links":{"self":[{"href":"https:\/\/sictom-msq.fr\/index.php\/wp-json\/wp\/v2\/pages\/193"}],"collection":[{"href":"https:\/\/sictom-msq.fr\/index.php\/wp-json\/wp\/v2\/pages"}],"about":[{"href":"https:\/\/sictom-msq.fr\/index.php\/wp-json\/wp\/v2\/types\/page"}],"author":[{"embeddable":true,"href":"https:\/\/sictom-msq.fr\/index.php\/wp-json\/wp\/v2\/users\/1"}],"replies":[{"embeddable":true,"href":"https:\/\/sictom-msq.fr\/index.php\/wp-json\/wp\/v2\/comments?post=193"}],"version-history":[{"count":49,"href":"https:\/\/sictom-msq.fr\/index.php\/wp-json\/wp\/v2\/pages\/193\/revisions"}],"predecessor-version":[{"id":1544,"href":"https:\/\/sictom-msq.fr\/index.php\/wp-json\/wp\/v2\/pages\/193\/revisions\/1544"}],"wp:attachment":[{"href":"https:\/\/sictom-msq.fr\/index.php\/wp-json\/wp\/v2\/media?parent=193"}],"curies":[{"name":"wp","href":"https:\/\/api.w.org\/{rel}","templated":true}]}}