{"id":346,"date":"2017-12-22T12:11:09","date_gmt":"2017-12-22T11:11:09","guid":{"rendered":"http:\/\/sictom-msq.fr\/?page_id=346"},"modified":"2021-03-01T17:07:54","modified_gmt":"2021-03-01T16:07:54","slug":"collecte-des-dechets","status":"publish","type":"page","link":"https:\/\/sictom-msq.fr\/index.php\/collecte-des-dechets\/","title":{"rendered":"Collecte des d\u00e9chets"},"content":{"rendered":"<p>La collecte des d\u00e9chets est assur\u00e9e par le SICTOM sur le territoire de la <a href=\"https:\/\/www.ccquercyblanc.fr\/\" target=\"_blank\" rel=\"noopener noreferrer\">C.C. Quercy blanc<\/a> et de la <a href=\"https:\/\/www.cc-lalbenque-limogne.fr\/\" target=\"_blank\" rel=\"noopener noreferrer\">C.C. du Pays de Lalbenque Limogne<\/a>.\u00a0<\/p>\r\n<h3><strong><em><span style=\"color: #ff9900;\">Organisation de la collecte<\/span><\/em><\/strong><\/h3>\r\n<p>Dans notre <strong>campagne<\/strong>, la collecte s&rsquo;effectue sur les <strong>points de collecte<\/strong> avec des conteneurs collectifs de 770 litres. Le ramassage des bacs a lieu <strong>1 fois par semaine<\/strong> pour les ordures m\u00e9nag\u00e8res et le recyclable.<\/p>\r\n<p>Pour les <strong>bourgs<\/strong> de <b>Castelnau-Montratier, Montcuq, Aujols et Flaujac-Poujols<\/b> la collecte s&rsquo;effectue en porte \u00e0 porte, <strong>2 fois par semaine<\/strong> pour les ordures m\u00e9nag\u00e8res et <strong>1 fois par semaine<\/strong> pour le recyclage.\u00a0 Les d\u00e9chets sont collect\u00e9s en sacs pour les OM ou avec des caissettes pour le recyclable (caissettes fournies sur demande aux nouveaux arrivants), \u00e0 l&rsquo;exception de Flaujac-Poujols o\u00f9 les usagers sont dot\u00e9s de conteneurs individuels.\u00a0<\/p>\r\n<p>Pour toutes informations suppl\u00e9mentaires, n&rsquo;h\u00e9sitez pas \u00e0 nous appeler au 05.65.21.47.63.<\/p>\r\n<ul>\r\n<li><a href=\"https:\/\/sictom-msq.fr\/wp-content\/uploads\/2017\/12\/2017_GUIDE-DE-COLLECTE-SICTOM-VALIDE.pdf\" target=\"_blank\" rel=\"noopener noreferrer\">R\u00e8glement de la collecte<\/a><\/li>\r\n<li><a href=\"https:\/\/sictom-msq.fr\/wp-content\/uploads\/2017\/12\/2017_TOURNEES_ANNEXE.pdf\" target=\"_blank\" rel=\"noopener noreferrer\">Fichier 2017 Tourn\u00e9es<\/a><\/li>\r\n<\/ul>\r\n<h3><strong><em><span style=\"color: #ff9900;\">Evolution du taux de refus au SICTOM depuis 2011<\/span><\/em><\/strong><\/h3>\r\n<p>Le <strong>taux de refus<\/strong> correspond au <strong>pourcentage de d\u00e9chets recyclables qui sont refus\u00e9s en centre de tri<\/strong>, du fait d&rsquo;un tri incorrect effectu\u00e9 par les habitants. Cet indicateur illustre l\u2019engagement des habitants.<\/p>\r\n<p>En 2020, le taux de refus \u00e9tait de <strong>17,98%<\/strong> ! C&rsquo;est un des meilleurs r\u00e9sultat du d\u00e9partement.\u00a0<\/p>\r\n<p><a href=\"https:\/\/sictom-msq.fr\/wp-content\/uploads\/2021\/03\/taux-de-refus-2020.jpg\"><img loading=\"lazy\" decoding=\"async\" class=\"size-full wp-image-1098 aligncenter\" src=\"https:\/\/sictom-msq.fr\/wp-content\/uploads\/2021\/03\/taux-de-refus-2020.jpg\" alt=\"\" width=\"582\" height=\"363\" srcset=\"https:\/\/sictom-msq.fr\/wp-content\/uploads\/2021\/03\/taux-de-refus-2020.jpg 582w, https:\/\/sictom-msq.fr\/wp-content\/uploads\/2021\/03\/taux-de-refus-2020-300x187.jpg 300w\" sizes=\"(max-width: 582px) 100vw, 582px\" \/><\/a><\/p>\r\n","protected":false},"excerpt":{"rendered":"<p>La collecte des d\u00e9chets est assur\u00e9e par le SICTOM sur le territoire de la C.C. Quercy blanc et de la C.C. du Pays de Lalbenque Limogne.\u00a0 Organisation de la collecte Dans notre campagne, la collecte s&rsquo;effectue sur les points de<\/p>\n","protected":false},"author":1,"featured_media":0,"parent":0,"menu_order":0,"comment_status":"closed","ping_status":"closed","template":"","meta":{"footnotes":""},"_links":{"self":[{"href":"https:\/\/sictom-msq.fr\/index.php\/wp-json\/wp\/v2\/pages\/346"}],"collection":[{"href":"https:\/\/sictom-msq.fr\/index.php\/wp-json\/wp\/v2\/pages"}],"about":[{"href":"https:\/\/sictom-msq.fr\/index.php\/wp-json\/wp\/v2\/types\/page"}],"author":[{"embeddable":true,"href":"https:\/\/sictom-msq.fr\/index.php\/wp-json\/wp\/v2\/users\/1"}],"replies":[{"embeddable":true,"href":"https:\/\/sictom-msq.fr\/index.php\/wp-json\/wp\/v2\/comments?post=346"}],"version-history":[{"count":19,"href":"https:\/\/sictom-msq.fr\/index.php\/wp-json\/wp\/v2\/pages\/346\/revisions"}],"predecessor-version":[{"id":1099,"href":"https:\/\/sictom-msq.fr\/index.php\/wp-json\/wp\/v2\/pages\/346\/revisions\/1099"}],"wp:attachment":[{"href":"https:\/\/sictom-msq.fr\/index.php\/wp-json\/wp\/v2\/media?parent=346"}],"curies":[{"name":"wp","href":"https:\/\/api.w.org\/{rel}","templated":true}]}}