{"id":542,"date":"2019-05-13T14:19:20","date_gmt":"2019-05-13T12:19:20","guid":{"rendered":"http:\/\/sictom-msq.fr\/?page_id=542"},"modified":"2024-07-04T15:03:28","modified_gmt":"2024-07-04T13:03:28","slug":"collecte-des-textiles","status":"publish","type":"page","link":"https:\/\/sictom-msq.fr\/index.php\/collecte-des-textiles\/","title":{"rendered":"Bornes textiles"},"content":{"rendered":"\n<p>Des&nbsp;<strong>bornes textiles<\/strong>&nbsp;sont r\u00e9parties sur le territoire de la C.C du Quercy Blanc et de la C. C. du Pays de Lalbenque Limogne.&nbsp;Elles sont g\u00e9r\u00e9es par le Relais 82.<\/p>\n\n\n\n<p>Trouver un point de collecte : <a href=\"https:\/\/collectivites.refashion.fr\/export\/iframe_col_pav.php?hashkey=qY88MPzIpy&amp;k=1cffd57c7e8f8510506b548dc915d7739bfbae86\">https:\/\/collectivites.refashion.fr\/export\/iframe_col_pav.php?hashkey=qY88MPzIpy&amp;k=1cffd57c7e8f8510506b548dc915d7739bfbae86<\/a> <\/p>\n\n\n\n<p>Pour connaitre leurs emplacements, cliquez&nbsp;<a href=\"http:\/\/sictom-msq.fr\/wp-content\/uploads\/2019\/09\/LISTE-PAV-BIS-1.pdf\" target=\"_blank\" rel=\"noreferrer noopener\"><strong>ici.<\/strong><\/a><\/p>\n\n\n\n<ul>\n<li><strong><mark style=\"background-color:rgba(0, 0, 0, 0)\" class=\"has-inline-color has-vivid-green-cyan-color\">Une information sur le devenir des textiles et chaussures collect\u00e9s&nbsp;:<\/mark><\/strong><\/li>\n<\/ul>\n\n\n\n<p><strong>\u00ab\u00a0Selon leur \u00e9tat, les Textiles d&rsquo;habillement, Linge de maison et Chaussures usag\u00e9s&nbsp;d\u00e9pos\u00e9s \u00e0 une adresse identifi\u00e9e seront majoritairement report\u00e9s ou recycl\u00e9s.&nbsp;\u00ab\u00a0<\/strong><br>&nbsp;L\u2019information sur la destination des textiles &amp; chaussures d\u00e9pos\u00e9s (orient\u00e9s vers la r\u00e9utilisation et\/ou le recyclage) est essentielle pour une parfaite compr\u00e9hension de la part des citoyens du devenir et une optimisation du geste de tri&nbsp;: &nbsp;<\/p>\n\n\n\n<ul>\n<li>. <strong>Les articles en meilleur \u00e9tat seront revendus en boutique de seconde main, en France ou \u00e0 l\u2019export ;<\/strong><\/li>\n\n\n\n<li>. <strong>Les articles en moins bon \u00e9tat seront transform\u00e9s&nbsp;: ils seront majoritairement recycl\u00e9s et pourront devenir du fil ou encore de nouveaux mat\u00e9riaux pour une autre industrie (b\u00e2timent, plasturgie, automobile &#8230; ).<\/strong><\/li>\n<\/ul>\n\n\n\n<figure class=\"wp-block-gallery has-nested-images columns-default is-cropped wp-block-gallery-1 is-layout-flex wp-block-gallery-is-layout-flex\">\n<figure class=\"wp-block-image size-large\"><img loading=\"lazy\" decoding=\"async\" width=\"561\" height=\"395\" data-id=\"1509\" src=\"https:\/\/sictom-msq.fr\/wp-content\/uploads\/2024\/07\/La-veste-de-son-papa.png\" alt=\"\" class=\"wp-image-1509\" srcset=\"https:\/\/sictom-msq.fr\/wp-content\/uploads\/2024\/07\/La-veste-de-son-papa.png 561w, https:\/\/sictom-msq.fr\/wp-content\/uploads\/2024\/07\/La-veste-de-son-papa-300x211.png 300w\" sizes=\"(max-width: 561px) 100vw, 561px\" \/><\/figure>\n\n\n\n<figure class=\"wp-block-image size-large\"><img loading=\"lazy\" decoding=\"async\" width=\"563\" height=\"403\" data-id=\"1510\" src=\"https:\/\/sictom-msq.fr\/wp-content\/uploads\/2024\/07\/Refashion-Rparer-le-ou-donner-le.png\" alt=\"\" class=\"wp-image-1510\" srcset=\"https:\/\/sictom-msq.fr\/wp-content\/uploads\/2024\/07\/Refashion-Rparer-le-ou-donner-le.png 563w, https:\/\/sictom-msq.fr\/wp-content\/uploads\/2024\/07\/Refashion-Rparer-le-ou-donner-le-300x215.png 300w\" sizes=\"(max-width: 563px) 100vw, 563px\" \/><\/figure>\n<\/figure>\n\n\n\n<figure class=\"wp-block-gallery has-nested-images columns-default is-cropped wp-block-gallery-2 is-layout-flex wp-block-gallery-is-layout-flex\"><\/figure>\n\n\n\n<figure class=\"wp-block-image size-large is-resized\"><img loading=\"lazy\" decoding=\"async\" src=\"https:\/\/sictom-msq.fr\/wp-content\/uploads\/2021\/09\/2021_LE-PULL-TROP-PETIT-5-pdf-1024x724.jpg\" alt=\"\" class=\"wp-image-1217\" width=\"1219\" height=\"863\"\/><\/figure>\n\n\n\n<figure class=\"wp-block-image size-large is-resized\"><img loading=\"lazy\" decoding=\"async\" src=\"https:\/\/sictom-msq.fr\/wp-content\/uploads\/2021\/09\/2021_LES-BASKETS-RAPLAPLA-2-pdf-1024x724.jpg\" alt=\"\" class=\"wp-image-1218\" width=\"1216\" height=\"860\"\/><\/figure>\n\n\n\n<figure class=\"wp-block-image size-large is-resized\"><img loading=\"lazy\" decoding=\"async\" src=\"https:\/\/sictom-msq.fr\/wp-content\/uploads\/2021\/09\/2021_LES-BOTTES-QUI-FONT-MAL-2-pdf-1024x724.jpg\" alt=\"\" class=\"wp-image-1219\" width=\"1215\" height=\"859\"\/><\/figure>\n\n\n\n<figure class=\"wp-block-image size-large is-resized\"><img loading=\"lazy\" decoding=\"async\" src=\"https:\/\/sictom-msq.fr\/wp-content\/uploads\/2021\/09\/2021_LE-JEAN-TROUE-2-pdf-1024x724.jpg\" alt=\"\" class=\"wp-image-1220\" width=\"1216\" height=\"860\"\/><\/figure>\n\n\n\n<figure class=\"wp-block-image size-large is-resized\"><img loading=\"lazy\" decoding=\"async\" src=\"https:\/\/sictom-msq.fr\/wp-content\/uploads\/2021\/09\/2021_LA-COUETTE-OUBLIEE-2-pdf-1024x724.jpg\" alt=\"\" class=\"wp-image-1221\" width=\"1219\" height=\"861\"\/><\/figure>\n\n\n\n<figure class=\"wp-block-image size-large is-resized\"><img loading=\"lazy\" decoding=\"async\" src=\"https:\/\/sictom-msq.fr\/wp-content\/uploads\/2021\/09\/2021_LE-DRAP-TROUE-2-pdf-1024x724.jpg\" alt=\"\" class=\"wp-image-1222\" width=\"1216\" height=\"860\"\/><\/figure>\n\n\n\n<figure class=\"wp-block-image size-large is-resized\"><img loading=\"lazy\" decoding=\"async\" src=\"https:\/\/sictom-msq.fr\/wp-content\/uploads\/2021\/09\/2021_LES-ANCIENNES-CHAUSSETTES-2-pdf-1024x724.jpg\" alt=\"\" class=\"wp-image-1223\" width=\"1217\" height=\"860\"\/><\/figure>\n\n\n\n<figure class=\"wp-block-image size-large is-resized\"><img loading=\"lazy\" decoding=\"async\" src=\"https:\/\/sictom-msq.fr\/wp-content\/uploads\/2021\/09\/2021_LE-PULL-TROP-PETIT-verso-1-pdf-1024x724.jpg\" alt=\"\" class=\"wp-image-1224\" width=\"1216\" height=\"860\"\/><\/figure>\n\n\n\n<p class=\"has-vivid-red-color has-text-color\"><strong>Ne jetez plus, R\u00e9parez !<\/strong><\/p>\n\n\n\n<p><strong>Eux aussi ont droit \u00e0 une seconde chance. Pour vous aider : <\/strong><\/p>\n\n\n\n<figure class=\"wp-block-gallery has-nested-images columns-default is-cropped wp-block-gallery-3 is-layout-flex wp-block-gallery-is-layout-flex\">\n<figure class=\"wp-block-image size-large\"><img loading=\"lazy\" decoding=\"async\" width=\"263\" height=\"203\" data-id=\"1513\" src=\"https:\/\/sictom-msq.fr\/wp-content\/uploads\/2024\/07\/Bonus-reparation-1.png\" alt=\"\" class=\"wp-image-1513\"\/><\/figure>\n\n\n\n<figure class=\"wp-block-image size-large\"><img loading=\"lazy\" decoding=\"async\" width=\"288\" height=\"224\" data-id=\"1514\" src=\"https:\/\/sictom-msq.fr\/wp-content\/uploads\/2024\/07\/Bonus-reparation-2.png\" alt=\"\" class=\"wp-image-1514\"\/><\/figure>\n<\/figure>\n","protected":false},"excerpt":{"rendered":"<p>Des&nbsp;bornes textiles&nbsp;sont r\u00e9parties sur le territoire de la C.C du Quercy Blanc et de la C. C. du Pays de Lalbenque Limogne.&nbsp;Elles sont g\u00e9r\u00e9es par le Relais 82. Trouver un point de collecte : https:\/\/collectivites.refashion.fr\/export\/iframe_col_pav.php?hashkey=qY88MPzIpy&amp;k=1cffd57c7e8f8510506b548dc915d7739bfbae86 Pour connaitre leurs emplacements, cliquez&nbsp;ici.<\/p>\n","protected":false},"author":1,"featured_media":0,"parent":0,"menu_order":0,"comment_status":"closed","ping_status":"closed","template":"","meta":{"footnotes":""},"_links":{"self":[{"href":"https:\/\/sictom-msq.fr\/index.php\/wp-json\/wp\/v2\/pages\/542"}],"collection":[{"href":"https:\/\/sictom-msq.fr\/index.php\/wp-json\/wp\/v2\/pages"}],"about":[{"href":"https:\/\/sictom-msq.fr\/index.php\/wp-json\/wp\/v2\/types\/page"}],"author":[{"embeddable":true,"href":"https:\/\/sictom-msq.fr\/index.php\/wp-json\/wp\/v2\/users\/1"}],"replies":[{"embeddable":true,"href":"https:\/\/sictom-msq.fr\/index.php\/wp-json\/wp\/v2\/comments?post=542"}],"version-history":[{"count":20,"href":"https:\/\/sictom-msq.fr\/index.php\/wp-json\/wp\/v2\/pages\/542\/revisions"}],"predecessor-version":[{"id":1515,"href":"https:\/\/sictom-msq.fr\/index.php\/wp-json\/wp\/v2\/pages\/542\/revisions\/1515"}],"wp:attachment":[{"href":"https:\/\/sictom-msq.fr\/index.php\/wp-json\/wp\/v2\/media?parent=542"}],"curies":[{"name":"wp","href":"https:\/\/api.w.org\/{rel}","templated":true}]}}