{"id":76,"date":"2017-10-10T13:37:58","date_gmt":"2017-10-10T11:37:58","guid":{"rendered":"http:\/\/sictom-msq.fr\/?page_id=76"},"modified":"2026-02-09T16:09:17","modified_gmt":"2026-02-09T15:09:17","slug":"rapports-dactivites","status":"publish","type":"page","link":"https:\/\/sictom-msq.fr\/index.php\/documents\/rapports-dactivites\/","title":{"rendered":"Rapports d&rsquo;activit\u00e9s et AG"},"content":{"rendered":"<h3 style=\"text-align: center;\"><em><span style=\"color: #008000;\"><strong>Les rapports d&rsquo;activit\u00e9s du SICTOM<\/strong><\/span><\/em><\/h3>\n<p style=\"text-align: left;\">Vous pouvez consulter librement les rapports\u00a0 \u00ab\u00a0bilans annuels\u00a0\u00bb du syndicat, ainsi que les comptes rendus des assembl\u00e9es g\u00e9n\u00e9rales.<\/p>\n<p style=\"text-align: left;\"><a href=\"http:\/\/sictom-msq.fr\/wp-content\/uploads\/2017\/10\/2015_RAPPORT-ANNUEL.pdf\">2015_RAPPORT ANNUEL<\/a><\/p>\n<p style=\"text-align: left;\"><a href=\"http:\/\/sictom-msq.fr\/wp-content\/uploads\/2017\/10\/2016_RAPPORT-ANNUEL.pdf\">2016_RAPPORT ANNUEL<\/a><\/p>\n<p style=\"text-align: left;\">\u00a0<a href=\"http:\/\/sictom-msq.fr\/wp-content\/uploads\/2017\/10\/2017_RAPPORT-ANNUEL-VALIDE.pdf\">2017_RAPPORT ANNUEL<\/a><\/p>\n<p style=\"text-align: left;\"><a href=\"http:\/\/sictom-msq.fr\/wp-content\/uploads\/2019\/12\/2018_RAPPORT-ANNUEL-VALIDE.pdf\">2018_RAPPORT ANNUEL<\/a><\/p>\n<p style=\"text-align: left;\"><a href=\"https:\/\/sictom-msq.fr\/wp-content\/uploads\/2020\/08\/RAPPORT-ANNUEL-2019.pdf\">2019_RAPPORT ANNUEL<\/a><\/p>\n<p><a href=\"https:\/\/sictom-msq.fr\/wp-content\/uploads\/2022\/04\/2020_RAPPORT-ANNUEL.pdf\">2020_RAPPORT ANNUEL<\/a><\/p>\n<p><a href=\"https:\/\/sictom-msq.fr\/wp-content\/uploads\/2022\/04\/2021_RAPPORT-ANNUEL.pdf\">2021_RAPPORT ANNUEL<\/a><\/p>\n<p><a href=\"https:\/\/sictom-msq.fr\/wp-content\/uploads\/2023\/12\/2022_RAPPORT-ANNUEL.pdf\">2022_RAPPORT ANNUEL<\/a><\/p>\n<p><a href=\"https:\/\/sictom-msq.fr\/wp-content\/uploads\/2026\/02\/2023_RAPPORT-ANNUEL-ADOPTE.pdf\">2023_RAPPORT ANNUEL<\/a><\/p>\n<p><span style=\"color: #3366ff;\"><a href=\"https:\/\/sictom-msq.fr\/wp-content\/uploads\/2026\/02\/2024_RAPPORT-ANNUEL_ADOPTE.pdf\">2024_RAPPORT ANNUEL<\/a><\/span><\/p>\n<ul>\n<li><strong><span style=\"color: #ff9900;\">Comptes rendus des assembl\u00e9es g\u00e9n\u00e9rales depuis 2018&#8230;<\/span><\/strong><\/li>\n<\/ul>\n<p>2018 \u2192 <a href=\"https:\/\/sictom-msq.fr\/wp-content\/uploads\/2020\/10\/CR-AG-2018_03_09.pdf\" target=\"_blank\" rel=\"noopener noreferrer\">CR AG &#8211; 09.03.2018<\/a> \/ <a href=\"https:\/\/sictom-msq.fr\/wp-content\/uploads\/2020\/10\/CR-AG-2018_05_14.pdf\" target=\"_blank\" rel=\"noopener noreferrer\">CR AG &#8211; 14.05.2018<\/a> \/ <a href=\"https:\/\/sictom-msq.fr\/wp-content\/uploads\/2020\/10\/CR-AG-2018_11_15.pdf\" target=\"_blank\" rel=\"noopener noreferrer\">CR AG &#8211; 15.11.2018<\/a><\/p>\n<p>2019 \u2192 <a href=\"https:\/\/sictom-msq.fr\/wp-content\/uploads\/2020\/10\/CR-AG-2019_03_14.pdf\" target=\"_blank\" rel=\"noopener noreferrer\">CR AG &#8211; 14.03.2019<\/a> \/\u00a0<a href=\"https:\/\/sictom-msq.fr\/wp-content\/uploads\/2020\/10\/CR-AG-2019_11_29.pdf\" target=\"_blank\" rel=\"noopener noreferrer\">CR AG &#8211; 29.11.2019<\/a><\/p>\n<p>2020 \u2192\u00a0<a href=\"https:\/\/sictom-msq.fr\/wp-content\/uploads\/2020\/10\/CR-AG-2020_03_05.pdf\" target=\"_blank\" rel=\"noopener noreferrer\">CR AG &#8211; 05.03.2020<\/a>\/\u00a0<a href=\"https:\/\/sictom-msq.fr\/wp-content\/uploads\/2020\/10\/CR-AG-2020_07_31.pdf\" target=\"_blank\" rel=\"noopener noreferrer\">CR AG -31.07.2020<\/a><\/p>\n<p>2021 \u2192 <a href=\"https:\/\/sictom-msq.fr\/wp-content\/uploads\/2021\/04\/CR-AG-du-30.03.2021.pdf\" target=\"_blank\" rel=\"noopener\">CR AG &#8211; 30.03.2021<\/a><\/p>\n<p>2022 \u2192 <a href=\"https:\/\/sictom-msq.fr\/wp-content\/uploads\/2021\/04\/CR-AG-du-30.03.2021.pdf\" target=\"_blank\" rel=\"noopener\">CR AG &#8211; 30.03.2022<\/a><\/p>\n<p>2023 \u2192 <a href=\"https:\/\/sictom-msq.fr\/wp-content\/uploads\/2023\/12\/2023_02_17-BIS_COMPTE-RENDU_-COMITE-SYNDICAL.pdf\" target=\"_blank\" rel=\"noopener\">CR AG &#8211; 17.02.2023 \/ <\/a><a href=\"https:\/\/sictom-msq.fr\/wp-content\/uploads\/2023\/12\/2023_07_12-BIS_COMPTE-RENDU_-COMITE-SYNDICAL.pdf\" target=\"_blank\" rel=\"noopener\">CR AG &#8211; 12.07.2023<\/a><\/p>\n<p>2024 <a href=\"https:\/\/sictom-msq.fr\/wp-content\/uploads\/2026\/02\/2024_RAPPORT-ANNUEL_ADOPTE.pdf\">\u2192 CR AG &#8211; 20.03.2024<\/a><\/p>\n<p>2025 <a href=\"https:\/\/sictom-msq.fr\/wp-content\/uploads\/2026\/02\/2025_03_05_COMPTE-RENDU_-COMITE-SYNDICAL.pdf\">\u2192 CR <\/a><a href=\"https:\/\/sictom-msq.fr\/wp-content\/uploads\/2026\/02\/2025_15_10_COMPTE-RENDU_-COMITE-SYNDICAL.pdf\">\u00a0AG &#8211; 05.03.2025 \/ CR AG &#8211; 15.10.2025<\/a><\/p>\n","protected":false},"excerpt":{"rendered":"<p>Les rapports d&rsquo;activit\u00e9s du SICTOM Vous pouvez consulter librement les rapports\u00a0 \u00ab\u00a0bilans annuels\u00a0\u00bb du syndicat, ainsi que les comptes rendus des assembl\u00e9es g\u00e9n\u00e9rales. 2015_RAPPORT ANNUEL 2016_RAPPORT ANNUEL \u00a02017_RAPPORT ANNUEL 2018_RAPPORT ANNUEL 2019_RAPPORT ANNUEL 2020_RAPPORT ANNUEL 2021_RAPPORT ANNUEL 2022_RAPPORT ANNUEL 2023_RAPPORT<\/p>\n","protected":false},"author":1,"featured_media":0,"parent":95,"menu_order":0,"comment_status":"closed","ping_status":"closed","template":"","meta":{"footnotes":""},"_links":{"self":[{"href":"https:\/\/sictom-msq.fr\/index.php\/wp-json\/wp\/v2\/pages\/76"}],"collection":[{"href":"https:\/\/sictom-msq.fr\/index.php\/wp-json\/wp\/v2\/pages"}],"about":[{"href":"https:\/\/sictom-msq.fr\/index.php\/wp-json\/wp\/v2\/types\/page"}],"author":[{"embeddable":true,"href":"https:\/\/sictom-msq.fr\/index.php\/wp-json\/wp\/v2\/users\/1"}],"replies":[{"embeddable":true,"href":"https:\/\/sictom-msq.fr\/index.php\/wp-json\/wp\/v2\/comments?post=76"}],"version-history":[{"count":44,"href":"https:\/\/sictom-msq.fr\/index.php\/wp-json\/wp\/v2\/pages\/76\/revisions"}],"predecessor-version":[{"id":1600,"href":"https:\/\/sictom-msq.fr\/index.php\/wp-json\/wp\/v2\/pages\/76\/revisions\/1600"}],"up":[{"embeddable":true,"href":"https:\/\/sictom-msq.fr\/index.php\/wp-json\/wp\/v2\/pages\/95"}],"wp:attachment":[{"href":"https:\/\/sictom-msq.fr\/index.php\/wp-json\/wp\/v2\/media?parent=76"}],"curies":[{"name":"wp","href":"https:\/\/api.w.org\/{rel}","templated":true}]}}