{"id":821,"date":"2020-10-21T12:07:25","date_gmt":"2020-10-21T10:07:25","guid":{"rendered":"https:\/\/sictom-msq.fr\/?page_id=821"},"modified":"2021-01-05T10:31:54","modified_gmt":"2021-01-05T09:31:54","slug":"compostage","status":"publish","type":"page","link":"https:\/\/sictom-msq.fr\/index.php\/reduire-mes-dechets\/compostage\/","title":{"rendered":"Compostage"},"content":{"rendered":"<h3><strong><em><span style=\"color: #ff9900;\">Le saviez-vous ?<\/span><\/em><\/strong><\/h3>\n<p>En France, chaque individu produit en moyenne 270 kg de d\u00e9chets non recycl\u00e9s par an, dont <strong>un tiers de d\u00e9chets organiques<\/strong> \u2013 issus de la table ou du jardin. <strong>En pratiquant le compostage<\/strong>, vous pouvez <strong>r\u00e9duire de 50kg\/an<\/strong> le poids de votre poubelle !<\/p>\n<p>Voici une fiche m\u00e9mo concernant les d\u00e9chets que vous pouvez mettre ou non dans votre composteur (cliquez dessus pour pouvoir la t\u00e9l\u00e9charger et l&rsquo;imprimer si n\u00e9cessaire) :<\/p>\n<p><a href=\"https:\/\/sictom-msq.fr\/wp-content\/uploads\/2020\/10\/memo-compostage.png\"><img loading=\"lazy\" decoding=\"async\" class=\"aligncenter size-full wp-image-858\" src=\"https:\/\/sictom-msq.fr\/wp-content\/uploads\/2020\/10\/memo-compostage.png\" alt=\"\" width=\"445\" height=\"631\" srcset=\"https:\/\/sictom-msq.fr\/wp-content\/uploads\/2020\/10\/memo-compostage.png 445w, https:\/\/sictom-msq.fr\/wp-content\/uploads\/2020\/10\/memo-compostage-212x300.png 212w, https:\/\/sictom-msq.fr\/wp-content\/uploads\/2020\/10\/memo-compostage-190x270.png 190w\" sizes=\"(max-width: 445px) 100vw, 445px\" \/><\/a><\/p>\n<p><strong>Vous souhaitez obtenir un composteur ?<\/strong> T\u00e9l\u00e9chargez et imprimez le bon de commande suivant et envoyez le aupr\u00e8s des services du SYDED : <a href=\"https:\/\/sictom-msq.fr\/wp-content\/uploads\/2020\/10\/bon_commance_composteur_maj-1.pdf\">bon commande composteur individuel<\/a> ou bien <a href=\"https:\/\/sictom-msq.fr\/wp-content\/uploads\/2020\/10\/planche_bon_commande_composteur_x3.pdf\">planche bon commande composteur x3<\/a>.<\/p>\n<p>Pensez \u00e9galement \u00e0 t\u00e9l\u00e9charger le \u00ab\u00a0guide du compostage\u00a0\u00bb de l&rsquo;ADEME r\u00e9alis\u00e9 en partenariat avec le SYDED du Lot \u2192\u00a0<a href=\"https:\/\/sictom-msq.fr\/wp-content\/uploads\/2020\/10\/guide_du_compostage-ADEME.pdf\">guide du compostage ADEME<\/a><\/p>\n<h3 class=\"o-teaser__title\"><strong><em><span style=\"color: #ff9900;\">Composter ses d\u00e9chets en appartement, c&rsquo;est possible gr\u00e2ce au lombricompostage !<\/span><\/em><\/strong><\/h3>\n<p>Le <strong>lombricompostage<\/strong> est la <strong>digestion des d\u00e9chets organiques<\/strong> par nos amis les <strong>vers<\/strong> dans un lombricomposteur, permettant ainsi aux citadins de r\u00e9duire et de valoriser leur d\u00e9chets de cuisine dans un petit espace tel qu\u2019un appartement, une cave, un balcon\u2026<\/p>\n<p><strong>Sans odeur<\/strong>, <strong>facile \u00e0 entretenir<\/strong>, utilisable en toute saison avec \u00e0 la cl\u00e9 de <strong>l&rsquo;engrais \u00ab\u00a0maison\u00a0\u00bb<\/strong> pour vos plantes d&rsquo;int\u00e9rieur, il ne vous reste plus qu&rsquo;\u00e0 faire le choix parmi la multitude de lombricomposteurs disponibles sur le march\u00e9\u2026 ou mieux encore de le fabriquer vous m\u00eame !<\/p>\n<p>Toujours pas convaincu ? Lisez ce petit <strong><a href=\"https:\/\/sictom-msq.fr\/wp-content\/uploads\/2020\/10\/Guide-lombricompostage.pdf\">guide du lombricompostage<\/a><\/strong> tr\u00e8s bien r\u00e9alis\u00e9 pour tout comprendre de cette pratique !<\/p>\n<p><a href=\"https:\/\/sictom-msq.fr\/wp-content\/uploads\/2020\/10\/compost-illustration.jpg\"><img loading=\"lazy\" decoding=\"async\" class=\"aligncenter size-full wp-image-870\" src=\"https:\/\/sictom-msq.fr\/wp-content\/uploads\/2020\/10\/compost-illustration.jpg\" alt=\"\" width=\"491\" height=\"335\" srcset=\"https:\/\/sictom-msq.fr\/wp-content\/uploads\/2020\/10\/compost-illustration.jpg 491w, https:\/\/sictom-msq.fr\/wp-content\/uploads\/2020\/10\/compost-illustration-300x205.jpg 300w, https:\/\/sictom-msq.fr\/wp-content\/uploads\/2020\/10\/compost-illustration-396x270.jpg 396w\" sizes=\"(max-width: 491px) 100vw, 491px\" \/><\/a><\/p>\n","protected":false},"excerpt":{"rendered":"<p>Le saviez-vous ? En France, chaque individu produit en moyenne 270 kg de d\u00e9chets non recycl\u00e9s par an, dont un tiers de d\u00e9chets organiques \u2013 issus de la table ou du jardin. En pratiquant le compostage, vous pouvez r\u00e9duire de<\/p>\n","protected":false},"author":1,"featured_media":0,"parent":102,"menu_order":0,"comment_status":"closed","ping_status":"closed","template":"","meta":{"footnotes":""},"_links":{"self":[{"href":"https:\/\/sictom-msq.fr\/index.php\/wp-json\/wp\/v2\/pages\/821"}],"collection":[{"href":"https:\/\/sictom-msq.fr\/index.php\/wp-json\/wp\/v2\/pages"}],"about":[{"href":"https:\/\/sictom-msq.fr\/index.php\/wp-json\/wp\/v2\/types\/page"}],"author":[{"embeddable":true,"href":"https:\/\/sictom-msq.fr\/index.php\/wp-json\/wp\/v2\/users\/1"}],"replies":[{"embeddable":true,"href":"https:\/\/sictom-msq.fr\/index.php\/wp-json\/wp\/v2\/comments?post=821"}],"version-history":[{"count":8,"href":"https:\/\/sictom-msq.fr\/index.php\/wp-json\/wp\/v2\/pages\/821\/revisions"}],"predecessor-version":[{"id":871,"href":"https:\/\/sictom-msq.fr\/index.php\/wp-json\/wp\/v2\/pages\/821\/revisions\/871"}],"up":[{"embeddable":true,"href":"https:\/\/sictom-msq.fr\/index.php\/wp-json\/wp\/v2\/pages\/102"}],"wp:attachment":[{"href":"https:\/\/sictom-msq.fr\/index.php\/wp-json\/wp\/v2\/media?parent=821"}],"curies":[{"name":"wp","href":"https:\/\/api.w.org\/{rel}","templated":true}]}}