{"id":974,"date":"2020-11-16T15:30:22","date_gmt":"2020-11-16T14:30:22","guid":{"rendered":"https:\/\/sictom-msq.fr\/?page_id=974"},"modified":"2021-01-04T15:14:33","modified_gmt":"2021-01-04T14:14:33","slug":"redevance-municipale","status":"publish","type":"page","link":"https:\/\/sictom-msq.fr\/index.php\/les-differentes-redevances\/redevance-municipale\/","title":{"rendered":"Redevance municipale"},"content":{"rendered":"<h3 style=\"text-align: center;\"><span style=\"color: #ff9900;\"><strong><em>La Redevance Municipale<\/em> <\/strong><\/span><\/h3>\n<p>La <strong>Redevance Municipale des communes<\/strong> prend en compte tous les d\u00e9chets produits par la commune\u00a0: <b>ateliers municipaux, march\u00e9s, \u00e9coles, salle des f\u00eates, cimeti\u00e8res, f\u00eate votive, brocantes, vide-greniers, repas divers\u2026<\/b> \u00a0mais exclu les manifestations priv\u00e9es (comme organisation de festivals, manifestations agricoles, \u00e9conomiques, politiques\u2026).<\/p>\n<p>Cette Redevance Municipale s\u2019inscrit dans un <strong><u>souci d\u2019\u00e9quit\u00e9<\/u> <\/strong>par rapport aux usagers qui supportent le co\u00fbt de ces d\u00e9chets (augmentation des tonnages, collectes suppl\u00e9mentaires\u2026).<\/p>\n<p>T\u00e9l\u00e9chargez le\u00a0<a href=\"http:\/\/sictom-msq.fr\/wp-content\/uploads\/2017\/10\/2017_02_07_REGLEMENT-RED-MUNIC.pdf\">REGLEMENT RED MUNI 2017<\/a><\/p>\n","protected":false},"excerpt":{"rendered":"<p>La Redevance Municipale La Redevance Municipale des communes prend en compte tous les d\u00e9chets produits par la commune\u00a0: ateliers municipaux, march\u00e9s, \u00e9coles, salle des f\u00eates, cimeti\u00e8res, f\u00eate votive, brocantes, vide-greniers, repas divers\u2026 \u00a0mais exclu les manifestations priv\u00e9es (comme organisation de<\/p>\n","protected":false},"author":1,"featured_media":0,"parent":166,"menu_order":1,"comment_status":"closed","ping_status":"closed","template":"","meta":{"footnotes":""},"_links":{"self":[{"href":"https:\/\/sictom-msq.fr\/index.php\/wp-json\/wp\/v2\/pages\/974"}],"collection":[{"href":"https:\/\/sictom-msq.fr\/index.php\/wp-json\/wp\/v2\/pages"}],"about":[{"href":"https:\/\/sictom-msq.fr\/index.php\/wp-json\/wp\/v2\/types\/page"}],"author":[{"embeddable":true,"href":"https:\/\/sictom-msq.fr\/index.php\/wp-json\/wp\/v2\/users\/1"}],"replies":[{"embeddable":true,"href":"https:\/\/sictom-msq.fr\/index.php\/wp-json\/wp\/v2\/comments?post=974"}],"version-history":[{"count":2,"href":"https:\/\/sictom-msq.fr\/index.php\/wp-json\/wp\/v2\/pages\/974\/revisions"}],"predecessor-version":[{"id":976,"href":"https:\/\/sictom-msq.fr\/index.php\/wp-json\/wp\/v2\/pages\/974\/revisions\/976"}],"up":[{"embeddable":true,"href":"https:\/\/sictom-msq.fr\/index.php\/wp-json\/wp\/v2\/pages\/166"}],"wp:attachment":[{"href":"https:\/\/sictom-msq.fr\/index.php\/wp-json\/wp\/v2\/media?parent=974"}],"curies":[{"name":"wp","href":"https:\/\/api.w.org\/{rel}","templated":true}]}}